132*g - 123*g = -18. What is c(g)?
7
Let h(g) = -g**3 + 23*g**2 + 78*g - 1. Let a be 2/(-24) - (21624/(-288) - -49). Give h(a).
-1
Let w(h) = 79*h + 14. Let p be w(-3). Let v = -225 - p. Let j(f) = -7*f - 6. Calculate j(v).
8
Let r(t) be the first derivative of -t**6/120 + t**5/10 + t**4/8 - 5*t**3/6 - 65*t**2 - 130. Let q(c) be the second derivative of r(c). What is q(6)?
13
Let h(t) = 7616*t - 52*t**2 + 699 - 7667*t + 2*t**3 - 788. Give h(27).
-8
Let q(d) = 305 - 98 - 102 + 2*d**2 - 101 - 3*d - 3*d**2. Give q(2).
-6
Let y be (0 + (5 - 7))*1. Let u(t) = 0 + 3 - 5 + 4 - 4*t. Determine u(y).
10
Let z(i) = -14*i + 19*i + 7 - 20 - 86 + 5 + i**2. Calculate z(7).
-10
Let h(r) = r**3 - 6*r**2 - 5*r - 1. Let c be 84/8*(-12)/(-18). Let l be h(c). Let i(n) = n**2 - 12*n - 5. Calculate i(l).
8
Let j(a) = 11*a + 39. Let t(w) = 18*w + 62. Let l(k) = -5*j(k) + 3*t(k). Determine l(-14).
5
Let f(o) = -o**2 - 3*o + 21. Suppose 2 = -2*v + x, -5*v - 1750*x = -1748*x + 41. What is f(v)?
11
Suppose -206*d - 148 = -169*d. Let f(x) = x**3 + 3*x**2 + x + 4. What is f(d)?
-16
Suppose 5*y - 4*z - 103 = 0, -y + 2*z + 26 = -3. Let i(s) = -4*s + 26. Give i(y).
-34
Let h(l) = -8*l**2 + 22*l + 57. Let b(t) = 11*t**2 - 33*t - 84. Let s(g) = -5*b(g) - 7*h(g). Calculate s(-14).
63
Let w(l) = -10 - 15*l + 4 - 21 - 29 + 13. Give w(-4).
17
Let u = 52 + -47. Suppose i + 2*b - u*b + 10 = 0, -3*b = -2*i - 8. Let a(n) = 2*n**3 - 17*n**2 - 13*n**2 - i + 29*n**2 - 3*n. Calculate a(-2).
-16
Let h(q) = q**2 + 5*q. Let p be h(-6). Suppose -3*m = d + 5, -m = -4*d - 6*m - p. Let l(z) = 3 - 2 - d - 2 + 5*z. Give l(2).
8
Let g(a) = -a**3 + 4*a**2 + 11*a - 41. Let w be g(3). Let c(n) = 0*n**2 + n**2 + 3*n - 3*n**2 + 3*n**3 - 2 + 5*n**3. Calculate c(w).
7
Let f(g) = -186*g - 277. Let l be f(4). Let b = l - -1020. Let p(z) be the second derivative of 3*z**5/4 + z**4/12 - z**2/2 + z. What is p(b)?
-15
Let u be (-84)/(-3) - (-2)/(0 + 2). Let c(b) = -b + 26. What is c(u)?
-3
Suppose 46*w = -w + 376. Let y(o) be the third derivative of w*o**2 + 0 - 3/8*o**4 + 1/60*o**5 - 3/2*o**3 + 0*o. Calculate y(9).
-9
Let f(t) = -131*t**3 - 2 + 26*t**3 + 21*t**3 - t + 85*t**3. Give f(0).
-2
Let u(n) = n**3 + n**2. Let a(o) = -o. Let i be 2/3 + ((-110)/(-15) - 9). Let v(y) = i*u(y) + 2*a(y). Give v(2).
-16
Let r(d) = 432*d - 5177. Let i be r(12). Let y(s) be the third derivative of s**6/120 - 2*s**5/15 + s**4/6 + 4*s**3/3 - 11*s**2. Calculate y(i).
-13
Let v(x) = -2*x**3 + 17*x**2 - 7*x + 5. Let q(l) = -4*l**3 + 33*l**2 - 14*l + 11. Let p(d) = 4*q(d) - 7*v(d). Let u be p(6). Let s(c) = -c + 6. Determine s(u).
3
Let z(k) = -k**3 + 6*k**2 + 7. Let c be z(6). Let f = 43 - -118. Let m(u) = u**3 + f*u**2 + 6 - 82*u**2 - 87*u**2 + 6*u. Determine m(c).
-1
Let d be ((-1)/2)/(5/(-20)). Suppose d*m = 3*m + 6. Let h(z) = -2*z**2 + 950*z. Let q(w) = -3*w**2 + 1329*w. Let b(i) = 7*h(i) - 5*q(i). Determine b(m).
6
Let f(m) = -m**2 - 7*m + 10. Let o(i) = i - 12. Let a be o(-24). Let v = -33 - a. Suppose -40 = -v*s + 8*s. What is f(s)?
2
Let h(s) = 1173*s - 16427. Let k be h(14). Let v(j) = 7*j**2 + 15*j - 2. Let i(u) = 3*u**2 + 7*u - 1. Let m(c) = -5*i(c) + 2*v(c). Calculate m(k).
1
Let z be 38/(-40) - (-12)/(-240). Let r(a) = 33*a**2 + 1. Let b(p) = -99*p**2 - 3. Let j(o) = 2*b(o) + 7*r(o). Determine j(z).
34
Let v(u) = u**2 + 28*u - 486. Let p be v(-40). Let d(l) = -9*l - 19. What is d(p)?
35
Let t(o) = -2*o**3 + 19*o**2 - 3*o - 57. Suppose 0 = 17*i + 1787 - 1940. Calculate t(i).
-3
Let h(g) be the first derivative of 4 - 9*g + 3/2*g**2. Suppose -20*c + 157 - 17 = 0. Calculate h(c).
12
Let u(c) = 5*c**3 - 13*c**2 - 8*c - 18. Let m(a) = -9*a**3 + 24*a**2 + 15*a + 36. Let v(t) = -6*m(t) - 11*u(t). Give v(0).
-18
Let g = -3191 + 3195. Let m(q) = q**3 - 2 + 4*q**2 - 6*q**2 - 2 - 6*q. Let o be m(g). Let k(l) = l**2 - 3*l. Give k(o).
4
Let i(c) be the second derivative of -c**4/12 + 7*c**3/2 + 21*c**2/2 - 26*c - 1. Determine i(22).
-1
Let x(f) = -f - 10. Let y = 401 - 401. Suppose y = 4*v - 0 + 56. Give x(v).
4
Let j(y) = -2*y**2 + 17*y. Let s(o) be the first derivative of o**3 - 27*o**2/2 - 154. Let x(m) = -8*j(m) - 5*s(m). What is x(3)?
6
Let o(n) = 2 - 76*n**2 + 310*n**2 - 75*n**2 + 3*n - 75*n**2 - 85*n**2. Determine o(-2).
-8
Suppose -3*c - 2*x + 2 = 0, -5*c = -7*x + 2*x - 20. Let i(a) = -26*a + 19. Determine i(c).
-33
Let n(d) = -4*d + 3 - d**2 - 13 - 8 + 14 - d. Give n(-6).
-10
Let w(i) be the second derivative of 5 + 13/2*i**2 + 1/3*i**3 - i. Calculate w(-5).
3
Let n = -246 - -257. Suppose -n*c = -18*c - 49. Let y(d) = -d + 5. What is y(c)?
12
Let r be 4*9/12 - 0. Let v = r + -4. Let m(o) = -119*o + 22*o + 27*o + 15*o + 29*o. Determine m(v).
26
Let j(h) be the second derivative of h**4/12 - 2*h**3/3 + 17*h**2/2 - 1883*h. What is j(9)?
62
Let i(n) be the second derivative of n**4/24 - 5*n**3/3 - 139*n**2 - 152*n. Let a(c) be the first derivative of i(c). Give a(-10).
-20
Let w(q) = 4*q - 2. Let v(l) = -l**2 - 3*l - 1. Let j be v(-2). Let u be w(j). Let z(t) = -u*t - 2 + 4 + 3*t**2 + 2 - 3. Give z(2).
9
Suppose 4*a - 2*p = -16, -279 = -5*a - 2*p - 290. Let j(g) = 3*g**3 + 4*g**2 - 4*g - 4. Determine j(a).
-37
Suppose -10*y - 3191 + 3211 = 0. Let n(p) be the third derivative of 9*p**y + 0*p**3 + 0 - 1/60*p**5 + 1/6*p**4 + 0*p. Determine n(5).
-5
Let d(q) = -q**2 + 16*q + 22. Let a = 7713 - 7696. What is d(a)?
5
Suppose 5*t = -2*u + 3*t + 18, -3*t - 13 = -2*u. Let g(m) = -m**3 + 5*m**2 + 14*m + 8. Determine g(u).
-72
Suppose 0 = -5*t - 716 + 726. Let x(q) be the first derivative of 1/2*q**t + 0*q + q**3 - 30. Determine x(-1).
2
Suppose -61*v = -51*v - 100. Let o(q) = -v*q + 15*q - 12 - 4*q. What is o(10)?
-2
Suppose -8*b + b = 154. Let y be b/(-6) + 12/(-18) - -1. Let p(r) = 4*r + 2*r - r**2 + 4*r - 6*r - r**3 + y. Calculate p(-3).
10
Suppose -44*b + 208 = 76. Let z(t) = t**3 - 2*t**2 + 3. Calculate z(b).
12
Suppose -s + 158 - 86 = 0. Let n be 2/(-6) - (-96)/s. Let a(i) = 15*i + 1 + 2 - 2. Give a(n).
16
Let f(n) = -n**3 + 5*n**2 - n. Suppose -3*y + 72 - 60 = -3*p, -5*y + 4*p = -18. Suppose 0 - 32 = -5*x + 4*o, y*x - 2*o = 14. Give f(x).
12
Suppose -2*h = 4 - 14. Let q(u) be the first derivative of u**4/4 - 2*u**3 + 5*u**2/2 - u + 14287. Give q(h).
-1
Let u(q) = -2*q**2 - 6*q - 13. Let x = -84 + 78. Let b(y) = -5*y**2 - 11*y - 24. Let h(a) = x*b(a) + 11*u(a). What is h(-1)?
9
Let c be 6*(-7)/168*112/14. Let b(t) = 2*t**3 - t**2 + 2*t + 1. Let u(f) = -2*f**3 + 2*f**2 - 2*f - 1. Let q(h) = 5*b(h) + 4*u(h). Give q(c).
-7
Suppose h = 1, 2*p + 23*h - 22*h = 3. Let c(g) = -g + p - 4 + 1 - 31*g**2 + 29*g**2 + g**3. Give c(2).
-4
Let j(b) = -5*b - 21 - 2*b**2 + b + 2*b - 13*b - b. What is j(-7)?
-7
Let y(u) = -4*u + 5*u - 5 + 2. Suppose -4*i + 160 = 4*i. Suppose 0 = -6*g - i + 2. Calculate y(g).
-6
Let t(i) = 1 - 9*i + i**3 + 2 - 5*i**2 + 7*i**2 + 5*i - 1. Let c = -6 + 2. Determine t(c).
-14
Suppose 25*t - 252 = 7*t. Suppose 0 = -t*z - 5*z + 133. Let x(b) = b**3 - 8*b**2 + 7*b + 10. Determine x(z).
10
Let h(q) be the second derivative of q**5/20 - q**4 + 7*q**3/6 + 3*q + 187. Give h(11).
-44
Suppose x = -f + 31 - 13, -2*f = x - 22. Let k(l) = l**2 - 22*l + 34. Calculate k(x).
-78
Let c(q) be the second derivative of -q**5/20 - 7*q**4/6 + 5*q**3/2 - q**2/2 - 7*q + 583. Suppose -o + 2*d = 21, 5*d - 15 = -0*d. Give c(o).
-1
Let x(h) = 6*h**3 + h - 2. Let t(s) = 35*s**3 + 6*s**2 - 2*s - 10. Let k(a) = -t(a) + 6*x(a). What is k(4)?
-2
Let v(o) be the first derivative of -31/3*o**3 - o + 98 - 1/2*o**2. Determine v(-1).
-31
Let h = -61 + 66. Let g(u) = 7*u + 1. Let k(y) = 3*y. Let x(c) = h*k(c) - 2*g(c). Suppose 0*m - 3*m = 0. Determine x(m).
-2
Let u(b) = -3*b**2 + b. Suppose -6 + 4 = -2*l. Let w be (l/(9/6) - 0)*9. Suppose -x - 4*x = 4*k - 1, 4*x = 2*k + w. What is u(k)?
-4
Let g(c) be the third derivative of 7*c**2 + 1/3*c**4 + 0*c - 1/60*c**5 + 8 - 1/3*c**3. Give g(9).
-11
Let r(p) = p**2 - p + 8. Let x be r(0). Suppose 0 = -3*z + x - 23. Let l(i) = 23*i**2 - 3*i - 6. Let h(q) = -6*q**2 + 2. Let v(s) = 4*h(s) + l(s). What is v(z)?
-8
Let t(h) = h + 1. Let r = 82 + 8. Suppose 3*s - 2*g - g = -r, 3*s + g = -86. Let f = -31 - s. Determine t(f).
-1
Suppose -d - 8 = 2*d - 4*k, -4*k = -5*d - 8. Suppose d = 12*h - 7*h - 10. Suppose -3*s = s 